{"id":131,"date":"2013-05-06T13:49:12","date_gmt":"2013-05-06T11:49:12","guid":{"rendered":"http:\/\/www.lovesushi.de\/wordpress\/?page_id=131"},"modified":"2013-12-22T17:11:51","modified_gmt":"2013-12-22T15:11:51","slug":"akami","status":"publish","type":"page","link":"http:\/\/www.sushipedia.de\/wordpress\/nigri-sushi\/maguro\/akami\/","title":{"rendered":"Akami"},"content":{"rendered":"<p><a href=\"http:\/\/www.lovesushi.de\/wordpress\/wp-content\/uploads\/2013\/05\/akami-maguro1.jpg\"><img loading=\"lazy\" class=\"alignnone size-full wp-image-195\" alt=\"Akami Maguro Sushi\" src=\"http:\/\/www.lovesushi.de\/wordpress\/wp-content\/uploads\/2013\/05\/akami-maguro1.jpg\" width=\"1000\" height=\"443\" srcset=\"http:\/\/www.sushipedia.de\/wordpress\/wp-content\/uploads\/2013\/05\/akami-maguro1.jpg 1000w, http:\/\/www.sushipedia.de\/wordpress\/wp-content\/uploads\/2013\/05\/akami-maguro1-300x132.jpg 300w\" sizes=\"(max-width: 1000px) 100vw, 1000px\" \/><\/a><\/p>\n<p><strong>Akami<strong>\u00a0<\/strong>(\u8d64\u8eab) Maguro Sushi<\/strong><\/p>\n<p><strong><\/strong><strong>Deutsch: \u00a0Thunfisch,\u00a0\u00a0<b>Roter Thun,\u00a0<b>Gro\u00dfer Thun,\u00a0<b>Nordatlantischer Thun<br \/>\n<\/b><\/b><\/b><\/strong><strong>Englisch: Bluefin Tuna, Large Tuna, A<b>tlantic Bluefin Tuna, \u00a0G<b>iant Bluefin Tuna (<strong>\u00a0Tuna, Tuna Lean, Tuna Filet)<br \/>\n<\/strong><\/b><\/b><\/strong><strong>Lateinisch:\u00a0<i>Thunnus thynnus<\/i><\/strong><\/p>\n<p>Akami bezeichnet das magere Fleisch aus dem oberen R\u00fccken des Hon-Maguro (Blauflossen-Thunfisch). Es gilt als das typische Thunfisch Sushi, es geh\u00f6rt zum Standardrepertoire eines jeden guten Sushi-Restaurant.<\/p>\n<p>Manche Sushi-Chefs, besonders in westlichen Regionen, neigen dazu das g\u00fcnstigere und weniger fettigere Fleisch des Gelbflossen-Thunfisch zu servieren, dessen eigentlicher Name Kihada Sushi lautet. Das Fleisch des gr\u00f6\u00dferen Blauflossen-Thunfisch weist hingegen eine deutlich dunklere Rotf\u00e4rbung auf. Auch die Fettschichten sind st\u00e4rker ausgepr\u00e4gt, so dass der Gelbflossen-Thunfisch in seiner Form einen glatteren und weniger strukturierten Eindruck erw\u00e4gt.<\/p>\n<figure id=\"attachment_32\" aria-describedby=\"caption-attachment-32\" style=\"width: 949px\" class=\"wp-caption alignnone\"><a href=\"http:\/\/www.lovesushi.de\/wordpress\/wp-content\/uploads\/2013\/05\/akami.png\"><img loading=\"lazy\" class=\"size-full wp-image-32\" alt=\"Der Teil aus dem das Maguro Sushi stammt\" src=\"http:\/\/www.lovesushi.de\/wordpress\/wp-content\/uploads\/2013\/05\/akami.png\" width=\"949\" height=\"395\" srcset=\"http:\/\/www.sushipedia.de\/wordpress\/wp-content\/uploads\/2013\/05\/akami.png 949w, http:\/\/www.sushipedia.de\/wordpress\/wp-content\/uploads\/2013\/05\/akami-300x124.png 300w\" sizes=\"(max-width: 949px) 100vw, 949px\" \/><\/a><figcaption id=\"caption-attachment-32\" class=\"wp-caption-text\">Der Teil aus dem das Maguro Sushi stammt<\/figcaption><\/figure>\n<p>Fotoquelle: Jessica Spengler (<a title=\"Flickr\" href=\"http:\/\/www.flickr.com\/people\/wordridden\/\" target=\"_blank\">Flickr<\/a>)<br \/>\nThie Picture has been published under <a href=\"http:\/\/creativecommons.org\/licenses\/by\/2.0\/\" target=\"_blank\">Attribution 2.0 Generic<\/a><\/p>\n<p>&nbsp;<\/p>\n","protected":false},"excerpt":{"rendered":"<p>Akami\u00a0(\u8d64\u8eab) Maguro Sushi Deutsch: \u00a0Thunfisch,\u00a0\u00a0Roter Thun,\u00a0Gro\u00dfer Thun,\u00a0Nordatlantischer Thun Englisch: Bluefin Tuna, Large Tuna, Atlantic Bluefin Tuna, \u00a0Giant Bluefin Tuna (\u00a0Tuna, Tuna Lean, Tuna Filet) Lateinisch:\u00a0Thunnus thynnus Akami bezeichnet das magere Fleisch aus dem oberen R\u00fccken des Hon-Maguro (Blauflossen-Thunfisch). Es gilt &hellip;<\/p>\n<p class=\"read-more\"> <a class=\"more-link\" href=\"http:\/\/www.sushipedia.de\/wordpress\/nigri-sushi\/maguro\/akami\/\"> <span class=\"screen-reader-text\">Akami<\/span> Read More &raquo;<\/a><\/p>\n","protected":false},"author":1,"featured_media":195,"parent":165,"menu_order":0,"comment_status":"closed","ping_status":"open","template":"content-sidebar-page.php","meta":[],"yoast_head":"<!-- This site is optimized with the Yoast SEO plugin v15.6.2 - https:\/\/yoast.com\/wordpress\/plugins\/seo\/ -->\n<title>Akami Sushi \u8d64\u8eab (Information) - Love Sushi - Sushipedia<\/title>\n<meta name=\"description\" content=\"Akami bezeichnet das magere Fleisch aus dem oberen R\u00fccken des Blauflossen-Thunfischs. Es gilt als das typische Thunfisch Sushi, es geh\u00f6rt zum Standardrepertoire eines jeden guten Sushi-Restaurant.\" \/>\n<meta name=\"robots\" content=\"index, follow, max-snippet:-1, max-image-preview:large, max-video-preview:-1\" \/>\n<link rel=\"canonical\" href=\"http:\/\/www.sushipedia.de\/wordpress\/nigri-sushi\/maguro\/akami\/\" \/>\n<meta property=\"og:locale\" content=\"de_DE\" \/>\n<meta property=\"og:type\" content=\"article\" \/>\n<meta property=\"og:title\" content=\"Akami Sushi \u8d64\u8eab (Information) - Love Sushi - Sushipedia\" \/>\n<meta property=\"og:description\" content=\"Akami bezeichnet das magere Fleisch aus dem oberen R\u00fccken des Blauflossen-Thunfischs. Es gilt als das typische Thunfisch Sushi, es geh\u00f6rt zum Standardrepertoire eines jeden guten Sushi-Restaurant.\" \/>\n<meta property=\"og:url\" content=\"http:\/\/www.sushipedia.de\/wordpress\/nigri-sushi\/maguro\/akami\/\" \/>\n<meta property=\"og:site_name\" content=\"Love Sushi\" \/>\n<meta property=\"article:modified_time\" content=\"2013-12-22T15:11:51+00:00\" \/>\n<meta property=\"og:image\" content=\"http:\/\/www.sushipedia.de\/wordpress\/wp-content\/uploads\/2013\/05\/akami-maguro1.jpg\" \/>\n\t<meta property=\"og:image:width\" content=\"1000\" \/>\n\t<meta property=\"og:image:height\" content=\"443\" \/>\n<meta name=\"twitter:label1\" content=\"Gesch\u00e4tzte Lesezeit\">\n\t<meta name=\"twitter:data1\" content=\"1\u00a0Minute\">\n<script type=\"application\/ld+json\" class=\"yoast-schema-graph\">{\"@context\":\"https:\/\/schema.org\",\"@graph\":[{\"@type\":\"WebSite\",\"@id\":\"http:\/\/www.sushipedia.de\/wordpress\/#website\",\"url\":\"http:\/\/www.sushipedia.de\/wordpress\/\",\"name\":\"Love Sushi\",\"description\":\"Die umfangreichste deutsche Sushi \\u00dcbersicht\",\"potentialAction\":[{\"@type\":\"SearchAction\",\"target\":\"http:\/\/www.sushipedia.de\/wordpress\/?s={search_term_string}\",\"query-input\":\"required name=search_term_string\"}],\"inLanguage\":\"de\"},{\"@type\":\"ImageObject\",\"@id\":\"http:\/\/www.sushipedia.de\/wordpress\/nigri-sushi\/maguro\/akami\/#primaryimage\",\"inLanguage\":\"de\",\"url\":\"http:\/\/www.sushipedia.de\/wordpress\/wp-content\/uploads\/2013\/05\/akami-maguro1.jpg\",\"width\":1000,\"height\":443},{\"@type\":\"WebPage\",\"@id\":\"http:\/\/www.sushipedia.de\/wordpress\/nigri-sushi\/maguro\/akami\/#webpage\",\"url\":\"http:\/\/www.sushipedia.de\/wordpress\/nigri-sushi\/maguro\/akami\/\",\"name\":\"Akami Sushi \\u8d64\\u8eab (Information) - Love Sushi - Sushipedia\",\"isPartOf\":{\"@id\":\"http:\/\/www.sushipedia.de\/wordpress\/#website\"},\"primaryImageOfPage\":{\"@id\":\"http:\/\/www.sushipedia.de\/wordpress\/nigri-sushi\/maguro\/akami\/#primaryimage\"},\"datePublished\":\"2013-05-06T11:49:12+00:00\",\"dateModified\":\"2013-12-22T15:11:51+00:00\",\"description\":\"Akami bezeichnet das magere Fleisch aus dem oberen R\\u00fccken des Blauflossen-Thunfischs. Es gilt als das typische Thunfisch Sushi, es geh\\u00f6rt zum Standardrepertoire eines jeden guten Sushi-Restaurant.\",\"breadcrumb\":{\"@id\":\"http:\/\/www.sushipedia.de\/wordpress\/nigri-sushi\/maguro\/akami\/#breadcrumb\"},\"inLanguage\":\"de\",\"potentialAction\":[{\"@type\":\"ReadAction\",\"target\":[\"http:\/\/www.sushipedia.de\/wordpress\/nigri-sushi\/maguro\/akami\/\"]}]},{\"@type\":\"BreadcrumbList\",\"@id\":\"http:\/\/www.sushipedia.de\/wordpress\/nigri-sushi\/maguro\/akami\/#breadcrumb\",\"itemListElement\":[{\"@type\":\"ListItem\",\"position\":1,\"item\":{\"@type\":\"WebPage\",\"@id\":\"http:\/\/www.sushipedia.de\/wordpress\/nigri-sushi\/\",\"url\":\"http:\/\/www.sushipedia.de\/wordpress\/nigri-sushi\/\",\"name\":\"Nigiri Sushi\"}},{\"@type\":\"ListItem\",\"position\":2,\"item\":{\"@type\":\"WebPage\",\"@id\":\"http:\/\/www.sushipedia.de\/wordpress\/nigri-sushi\/maguro\/\",\"url\":\"http:\/\/www.sushipedia.de\/wordpress\/nigri-sushi\/maguro\/\",\"name\":\"Maguro\"}},{\"@type\":\"ListItem\",\"position\":3,\"item\":{\"@type\":\"WebPage\",\"@id\":\"http:\/\/www.sushipedia.de\/wordpress\/nigri-sushi\/maguro\/akami\/\",\"url\":\"http:\/\/www.sushipedia.de\/wordpress\/nigri-sushi\/maguro\/akami\/\",\"name\":\"Akami\"}}]}]}<\/script>\n<!-- \/ Yoast SEO plugin. -->","_links":{"self":[{"href":"http:\/\/www.sushipedia.de\/wordpress\/wp-json\/wp\/v2\/pages\/131"}],"collection":[{"href":"http:\/\/www.sushipedia.de\/wordpress\/wp-json\/wp\/v2\/pages"}],"about":[{"href":"http:\/\/www.sushipedia.de\/wordpress\/wp-json\/wp\/v2\/types\/page"}],"author":[{"embeddable":true,"href":"http:\/\/www.sushipedia.de\/wordpress\/wp-json\/wp\/v2\/users\/1"}],"replies":[{"embeddable":true,"href":"http:\/\/www.sushipedia.de\/wordpress\/wp-json\/wp\/v2\/comments?post=131"}],"version-history":[{"count":20,"href":"http:\/\/www.sushipedia.de\/wordpress\/wp-json\/wp\/v2\/pages\/131\/revisions"}],"predecessor-version":[{"id":618,"href":"http:\/\/www.sushipedia.de\/wordpress\/wp-json\/wp\/v2\/pages\/131\/revisions\/618"}],"up":[{"embeddable":true,"href":"http:\/\/www.sushipedia.de\/wordpress\/wp-json\/wp\/v2\/pages\/165"}],"wp:featuredmedia":[{"embeddable":true,"href":"http:\/\/www.sushipedia.de\/wordpress\/wp-json\/wp\/v2\/media\/195"}],"wp:attachment":[{"href":"http:\/\/www.sushipedia.de\/wordpress\/wp-json\/wp\/v2\/media?parent=131"}],"curies":[{"name":"wp","href":"https:\/\/api.w.org\/{rel}","templated":true}]}}