{"id":316,"date":"2013-05-11T13:37:01","date_gmt":"2013-05-11T11:37:01","guid":{"rendered":"http:\/\/www.lovesushi.de\/wordpress\/?page_id=316"},"modified":"2013-11-14T02:48:04","modified_gmt":"2013-11-14T00:48:04","slug":"ibodai","status":"publish","type":"page","link":"http:\/\/www.sushipedia.de\/wordpress\/nigri-sushi\/ibodai\/","title":{"rendered":"Ibodai"},"content":{"rendered":"<h3><a href=\"http:\/\/www.lovesushi.de\/wordpress\/wp-content\/uploads\/2013\/05\/2371663705_2b0d6357ea_b.jpg\"><img loading=\"lazy\" class=\"alignnone size-full wp-image-597\" alt=\"Ibodai Sushi\" src=\"http:\/\/www.lovesushi.de\/wordpress\/wp-content\/uploads\/2013\/05\/2371663705_2b0d6357ea_b.jpg\" width=\"1024\" height=\"768\" srcset=\"http:\/\/www.sushipedia.de\/wordpress\/wp-content\/uploads\/2013\/05\/2371663705_2b0d6357ea_b.jpg 1024w, http:\/\/www.sushipedia.de\/wordpress\/wp-content\/uploads\/2013\/05\/2371663705_2b0d6357ea_b-300x225.jpg 300w\" sizes=\"(max-width: 1024px) 100vw, 1024px\" \/><\/a><\/h3>\n<h3>Ibodai \u75a3\u9bdb\u00a0Sushi<\/h3>\n<p><strong>Deutsch: Butterfisch (f\u00e4lschlich), Schwarzfisch<\/strong><br \/>\n<strong>Englisch:\u00a0<b>Melon Seed<\/b>,\u00a0<b>Wart Perch<\/b><b>, Japanese Butterfish<br \/>\nLateinisch:\u00a0<i>Psenopsis anomala<\/i><\/b><\/strong><\/p>\n<p><em><strong><span style=\"color: #ff6600;\">Hinweis: Es k\u00f6nnte sich um Kohlenfisch (engl. Black Cod) oder Schlangenmakrele (engl.\u00a0Snake Mackerel)\u00a0handeln und nicht um Ibodai<\/span><\/strong><\/em><\/p>\n<p>Der Ibodai<i>\u00a0<\/i>lebt nah am Meeresboden und ist haupts\u00e4chlich in Japans angrenzenden Meeren zu finden.\u00a0Das sehr helle, fast wei\u00dfe, cremefarbene Fleisch des Ibodai ist extrem zart und wohlschmeckend.<\/p>\n<p>F\u00e4lschlicherweise wird Ibodai sehr oft aus Unwissenheit mit Butterfisch \u00fcbersetzt, dabei ist der Fisch der bei uns unter dem Handelsnamen Butterfisch gel\u00e4ufig ist ein g\u00e4nzlich anderer Fisch, n\u00e4mlich die Schlangenmakrele. Der eigentliche und richtige Ibodai ist ein Fisch aus der Familie der Schwarzfische, der\u00a0<i><a title=\"Wikipedia\" href=\"http:\/\/en.wikipedia.org\/wiki\/Japanese_butterfish\" target=\"_blank\">Psenopsis anomala<\/a>.\u00a0<\/i>Der Ursprung der Verwirrung r\u00fchrt aus der \u00dcbersetzung seiner englischen Bezeichnung\u00a0&#8220;Japanese Butterfish&#8221; her.<\/p>\n<p>Aufgrund der hohen Nachfrage in Japan und Asien, ist der richtige Ibodai in westlichen L\u00e4ndern nur sehr schwer oder zu hohen Preisen zu bekommen. Daher wird in westlichen Sushi-Restaurants oft zum Kohlenfisch (englisch\u00a0Black Cod) gegriffen, dessen eigentliche Bezeichnung Gindara \u9280\u9c48\u00a0Sushi lauten w\u00fcrde.<\/p>\n<p>&nbsp;<\/p>\n<p>&nbsp;<\/p>\n<p><b>Bildquelle (oben):\u00a0<a id=\"yui_3_11_0_3_1384389543614_1129\" title=\"Flickr.com Link zum Urheber\" href=\"http:\/\/www.flickr.com\/photos\/spine\/\" target=\"_blank\">rick<\/a>\u00a0(Flickr)<br \/>\n<\/b>Das Bild wurde vom Urheber ver\u00f6ffentlicht unter der\u00a0Creative Commons Attribution 2.0 Generic\u00a0(CC BY 2.0)<\/p>\n<p>&nbsp;<\/p>\n","protected":false},"excerpt":{"rendered":"<p>Ibodai \u75a3\u9bdb\u00a0Sushi Deutsch: Butterfisch (f\u00e4lschlich), Schwarzfisch Englisch:\u00a0Melon Seed,\u00a0Wart Perch, Japanese Butterfish Lateinisch:\u00a0Psenopsis anomala Hinweis: Es k\u00f6nnte sich um Kohlenfisch (engl. Black Cod) oder Schlangenmakrele (engl.\u00a0Snake Mackerel)\u00a0handeln und nicht um Ibodai Der Ibodai\u00a0lebt nah am Meeresboden und ist haupts\u00e4chlich in Japans &hellip;<\/p>\n<p class=\"read-more\"> <a class=\"more-link\" href=\"http:\/\/www.sushipedia.de\/wordpress\/nigri-sushi\/ibodai\/\"> <span class=\"screen-reader-text\">Ibodai<\/span> Read More &raquo;<\/a><\/p>\n","protected":false},"author":1,"featured_media":0,"parent":128,"menu_order":0,"comment_status":"closed","ping_status":"open","template":"content-sidebar-page.php","meta":[],"yoast_head":"<!-- This site is optimized with the Yoast SEO plugin v15.6.2 - https:\/\/yoast.com\/wordpress\/plugins\/seo\/ -->\n<title>Ibodai \u75a3\u9bdb Sushi (Information) - Lovesushi - SUSHIPEDIA<\/title>\n<meta name=\"description\" content=\"Der Ibodai lebt nah am Meeresboden und ist haupts\u00e4chlich in Japans angrenzenden Meeren zu finden. Das sehr helle, fast wei\u00dfe, cremefarbene Fleisch des Ibodai ist extrem zart und wohlschmeckend.\" \/>\n<meta name=\"robots\" content=\"index, follow, max-snippet:-1, max-image-preview:large, max-video-preview:-1\" \/>\n<link rel=\"canonical\" href=\"https:\/\/www.sushipedia.de\/wordpress\/nigri-sushi\/ibodai\/\" \/>\n<meta property=\"og:locale\" content=\"de_DE\" \/>\n<meta property=\"og:type\" content=\"article\" \/>\n<meta property=\"og:title\" content=\"Ibodai \u75a3\u9bdb Sushi (Information) - Lovesushi - SUSHIPEDIA\" \/>\n<meta property=\"og:description\" content=\"Der Ibodai lebt nah am Meeresboden und ist haupts\u00e4chlich in Japans angrenzenden Meeren zu finden. Das sehr helle, fast wei\u00dfe, cremefarbene Fleisch des Ibodai ist extrem zart und wohlschmeckend.\" \/>\n<meta property=\"og:url\" content=\"https:\/\/www.sushipedia.de\/wordpress\/nigri-sushi\/ibodai\/\" \/>\n<meta property=\"og:site_name\" content=\"Love Sushi\" \/>\n<meta property=\"article:modified_time\" content=\"2013-11-14T00:48:04+00:00\" \/>\n<meta property=\"og:image\" content=\"http:\/\/www.lovesushi.de\/wordpress\/wp-content\/uploads\/2013\/05\/2371663705_2b0d6357ea_b.jpg\" \/>\n<meta name=\"twitter:label1\" content=\"Gesch\u00e4tzte Lesezeit\">\n\t<meta name=\"twitter:data1\" content=\"1\u00a0Minute\">\n<script type=\"application\/ld+json\" class=\"yoast-schema-graph\">{\"@context\":\"https:\/\/schema.org\",\"@graph\":[{\"@type\":\"WebSite\",\"@id\":\"http:\/\/www.sushipedia.de\/wordpress\/#website\",\"url\":\"http:\/\/www.sushipedia.de\/wordpress\/\",\"name\":\"Love Sushi\",\"description\":\"Die umfangreichste deutsche Sushi \\u00dcbersicht\",\"potentialAction\":[{\"@type\":\"SearchAction\",\"target\":\"http:\/\/www.sushipedia.de\/wordpress\/?s={search_term_string}\",\"query-input\":\"required name=search_term_string\"}],\"inLanguage\":\"de\"},{\"@type\":\"ImageObject\",\"@id\":\"https:\/\/www.sushipedia.de\/wordpress\/nigri-sushi\/ibodai\/#primaryimage\",\"inLanguage\":\"de\",\"url\":\"http:\/\/www.lovesushi.de\/wordpress\/wp-content\/uploads\/2013\/05\/2371663705_2b0d6357ea_b.jpg\"},{\"@type\":\"WebPage\",\"@id\":\"https:\/\/www.sushipedia.de\/wordpress\/nigri-sushi\/ibodai\/#webpage\",\"url\":\"https:\/\/www.sushipedia.de\/wordpress\/nigri-sushi\/ibodai\/\",\"name\":\"Ibodai \\u75a3\\u9bdb Sushi (Information) - Lovesushi - SUSHIPEDIA\",\"isPartOf\":{\"@id\":\"http:\/\/www.sushipedia.de\/wordpress\/#website\"},\"primaryImageOfPage\":{\"@id\":\"https:\/\/www.sushipedia.de\/wordpress\/nigri-sushi\/ibodai\/#primaryimage\"},\"datePublished\":\"2013-05-11T11:37:01+00:00\",\"dateModified\":\"2013-11-14T00:48:04+00:00\",\"description\":\"Der Ibodai lebt nah am Meeresboden und ist haupts\\u00e4chlich in Japans angrenzenden Meeren zu finden. Das sehr helle, fast wei\\u00dfe, cremefarbene Fleisch des Ibodai ist extrem zart und wohlschmeckend.\",\"breadcrumb\":{\"@id\":\"https:\/\/www.sushipedia.de\/wordpress\/nigri-sushi\/ibodai\/#breadcrumb\"},\"inLanguage\":\"de\",\"potentialAction\":[{\"@type\":\"ReadAction\",\"target\":[\"https:\/\/www.sushipedia.de\/wordpress\/nigri-sushi\/ibodai\/\"]}]},{\"@type\":\"BreadcrumbList\",\"@id\":\"https:\/\/www.sushipedia.de\/wordpress\/nigri-sushi\/ibodai\/#breadcrumb\",\"itemListElement\":[{\"@type\":\"ListItem\",\"position\":1,\"item\":{\"@type\":\"WebPage\",\"@id\":\"https:\/\/www.sushipedia.de\/wordpress\/nigri-sushi\/\",\"url\":\"https:\/\/www.sushipedia.de\/wordpress\/nigri-sushi\/\",\"name\":\"Nigiri Sushi\"}},{\"@type\":\"ListItem\",\"position\":2,\"item\":{\"@type\":\"WebPage\",\"@id\":\"https:\/\/www.sushipedia.de\/wordpress\/nigri-sushi\/ibodai\/\",\"url\":\"https:\/\/www.sushipedia.de\/wordpress\/nigri-sushi\/ibodai\/\",\"name\":\"Ibodai\"}}]}]}<\/script>\n<!-- \/ Yoast SEO plugin. -->","_links":{"self":[{"href":"http:\/\/www.sushipedia.de\/wordpress\/wp-json\/wp\/v2\/pages\/316"}],"collection":[{"href":"http:\/\/www.sushipedia.de\/wordpress\/wp-json\/wp\/v2\/pages"}],"about":[{"href":"http:\/\/www.sushipedia.de\/wordpress\/wp-json\/wp\/v2\/types\/page"}],"author":[{"embeddable":true,"href":"http:\/\/www.sushipedia.de\/wordpress\/wp-json\/wp\/v2\/users\/1"}],"replies":[{"embeddable":true,"href":"http:\/\/www.sushipedia.de\/wordpress\/wp-json\/wp\/v2\/comments?post=316"}],"version-history":[{"count":26,"href":"http:\/\/www.sushipedia.de\/wordpress\/wp-json\/wp\/v2\/pages\/316\/revisions"}],"predecessor-version":[{"id":601,"href":"http:\/\/www.sushipedia.de\/wordpress\/wp-json\/wp\/v2\/pages\/316\/revisions\/601"}],"up":[{"embeddable":true,"href":"http:\/\/www.sushipedia.de\/wordpress\/wp-json\/wp\/v2\/pages\/128"}],"wp:attachment":[{"href":"http:\/\/www.sushipedia.de\/wordpress\/wp-json\/wp\/v2\/media?parent=316"}],"curies":[{"name":"wp","href":"https:\/\/api.w.org\/{rel}","templated":true}]}}